 + -4)
-30
What is the value of -12 + 6 - 2 - -17 - (-2 + 22)?
-11
What is 110 - (25 - -76) - (3 - (-84 - 1))?
-79
Calculate (8 + -3 - 2) + 71 + (109 - 242 - -132).
73
Evaluate 8 + -41 + 65 + -57.
-25
Evaluate -60 + -8 - -75 - (9 - 1).
-1
Calculate 5 + -5 + -38 + (14 - 10) + -6.
-40
Evaluate 25 - (-9 + -24 + 0 + 101).
-43
Calculate 9573 + -9630 + 0 + 53.
-4
What is 16 + 2 + 13 + 13 + -32 + (1 - -70)?
83
Calculate 57 - 0 - (-11 + (4 + 13 - -4)) - -2.
49
-73 + -25 + 46 + 87
35
Calculate 9 + 5 + (0 - -12) + (-26 - -7).
7
Evaluate -625 - -607 - (-1 - 0 - (-8 - -114)).
89
Evaluate 0 + 47 - ((-42 + 21 - -5) + 12).
51
Calculate (-81 + 58 - 13) + -12.
-48
What is the value of (-36 - 1) + (-288 + 58 - -235)?
-32
What is 16 - (26 + 43 - 48)?
-5
What is the value of (91 - 82) + (11 - (1 + 4)) + -4?
11
Calculate -53 + -31 + 68 + (-3 - (-4 + 3)).
-18
What is -8 - ((-10 + 28 - 9) + -21)?
4
Calculate 0 + 41 - (287 - 316 - (-25 + 0)).
45
57 + -9 - (-748 + 879)
-83
What is the value of (12 - 22) + 24 + -12 - (5 + -25)?
22
-79 - (-134 + 113 - 53)
-5
What is (561 - 588 - (-86 + 1)) + -15?
43
What is the value of 13 + (-44 + 19 + 17 - 16)?
-11
240 - 330 - (-39 + 1)
-52
Evaluate 11 + (-4 - -20) + -31 - 25.
-29
What is 100 + (0 - 23 - (-145 - -147))?
75
(54 - (-2 - -1 - (37 + -41))) + (-13 - -7)
45
Evaluate -9 - (-15 - -3 - -37) - -20.
-14
What is 10 + (2 + -2 + 14 - 3 - -5)?
26
Evaluate (136 - 31 - 84) + 2 + -122.
-99
Evaluate 2 - (21 - -5 - 11) - -13 - (1 + -27).
26
What is -16 + -1 - (-17 - (-8 + 1)) - -17?
10
Evaluate (9 - (10 + (-67 - -57 - (-10 - -2)))) + -38.
-37
What is the value of -38 + 20 + 5 - 4 - (-2 - 4)?
-11
What is 12 + (-76 - 41 - -48)?
-57
Calculate (1 - -1) + -61 + 8 - (1 - (5 - 0)).
-47
Calculate 295 - 295 - (1 + (-51 - -3)).
47
Calculate 3 + (-5 + (1 - -8) - 4) + 26.
29
What is the value of 60 - (31 - -10) - (5 - 8)?
22
Calculate 1 - (-4 + 19 + -22 + 5 + (-5 - -2)).
6
Calculate -4 - (18 + -22 + 23 + (1 - 3) + -6).
-15
0 + 3 - (162 - 275 - -208)
-92
Calculate -41 + (-15 - -9 - -6 - 15).
-56
Evaluate -27 + (8 - 23) + -4 + 5.
-41
Calculate 2 - -9 - (16 - -3 - -1) - 2.
-11
What is the value of -85 + 2 + (-91 - (9 + -92))?
-91
Evaluate 1 + -33 + -2 + (-61 - -112).
17
What is the value of -49 + -30 + 12 - -48?
-19
Evaluate 186 + -184 + (0 - (0 + -3) - 2) - 3.
0
Calculate 13 - ((-14 - (-42 + 24)) + (-1 - -74)).
-64
What is the value of 13 + -26 + -80 + 90?
-3
Calculate -49 - (86 - 147) - -14.
26
What is -51 - (-17 + 43 - 20)?
-57
23 + -39 + -51 - -93
26
Calculate (58 - (-4 + 28 - -38)) + -11 + 1 + 0.
-14
Evaluate -44 + 21 + 7 + -15 + 3.
-28
Calculate 16 + (-127 + 127 - (8 - -1)) + -107.
-100
What is the value of -1270 + 1279 + 29 + -1?
37
Calculate -50 + 42 + -32 + 79.
39
Evaluate -14 - 4 - (71 + -69 + -8).
-12
What is the value of 6 + (2 - -3) + (-21 - (-11 + -6)) + 29?
36
What is the value of (33 - -2) + 3 - (74 + -92)?
56
Calculate (-16 + -30 - -51 - (0 - 13)) + -12.
6
What is -6 + 39 + -106 + -2?
-75
What is the value of 8 + -7 + -14 + 6 - (6 - 0)?
-13
14 - 36 - (-78 - -31) - (13 + -1)
13
What is the value of -3 + -2 - (-52 + 17 + (-14 - -11) + -3)?
36
Evaluate (206 - 166) + (-84 - -3) + 72.
31
Calculate -849 + 891 + 1 + 1 + -7.
37
-24 + -3 + 205 + -190 + -36
-48
Evaluate -5 - (0 - (-2 + -1) - (17 + 2 + 50)).
61
What is -38 - -13 - (-108 + 71)?
12
Calculate -93 + 12 + 2 + -3 + (-1 - (-13 - -22)).
-92
Calculate -60 - 19 - -96 - 43.
-26
-18 - (-69 - 5) - (-7 - (-1 - -8))
70
Calculate (-120 - -122) + 7 + 19.
28
Calculate (-160 - -155) + 47 + 2 + 16.
60
(-29 - -36) + (1 - 9) + -18 + 8 - 28
-39
What is the value of -116 - -24 - (16 + -65)?
-43
(47 - (29 - 20)) + -15
23
Evaluate -2594 + 2703 - (-3 + 0 - -39).
73
What is the value of -66 + -3 + 105 + (1 - 20)?
17
Evaluate -13 + -5 + -51 - 16 - -13 - -18.
-54
89 + 10 + -39 + (-14 - -21)
67
-10 + -2 - ((-2 - -12 - 26) + -7) - 14
-3
Evaluate 8 - (12 + (-4 + -1 - 19) - -94).
-74
Evaluate -44 - (33 + (29 - 124)).
18
(22 - (-19 + 41)) + 4 + -15
-11
Calculate (-22 - (31 + (-81 - -17))) + 7.
18
What is -12 - (78 + -32) - (-41 + 16)?
-33
Evaluate -14 + (10 - 22 - -23) + -5 + (70 - 0).
62
-9 - ((-12 - 86) + (-11 - (9 - 7)))
102
What is the value of (-9 - 2) + (-5 + 3 - 0) - (76 + -2)?
-87
Evaluate (7 - (0 + 4)) + 4 + 350 + -340.
17
70 - (-50 + -25 - -127)
18
What is 24 + 7 - (22 + -47 + 48)?
8
-43 + 44 + -33 + -10
-42
What is 15 + 24 + (-6 - -6) + 5?
44
-15 + -1 + -8 - 18 - (4 - (-5 - -15))
-36
What is 171 + 0 + (894 - 965)?
100
-204 + 200 + -9 + (-2 - 1) - 5
-21
What is the value of -6 - -8 - (-13 - (-15 + -20))?
-20
Evaluate (288 - 337) + (2 - 0 - 6) + 28 + -26.
-51
Evaluate 20 - (61 - (3 + -24)) - -23.
-39
-15 + (-69 - -42) + -10 - -2
-50
What is 5 + 24 + -11 + (1 - 10) + 0 + 55?
64
What is the value of (20 + -27 + -56 - -33) + -4?
-34
(-33 - (-3 + -9)) + (25 - 25)
-21
Evaluate (5 - (10 - -12 - (2 + 18))) + -32.
-29
Calculate 2 + (-10 - -2) + 1 + -13 - -3.
-15
Calculate (-3 - (35 - -1)) + -5 + -8 + (11 - 0).
-41
Evaluate -29 - (-6 + (44 + -45 - (-2 + -1 + -5))).
-30
What is the value of 12 + -4 + -10 - -10 - 17?
-9
What is the value of -2 + 4 + (-26 - -27) + (-481 - -393)?
-85
What is (-92 - -299 - 191 - (1 + (0 - -7))) + 9?
17
24 + (33 - 33 - 49)
-25
Evaluate -70 + -8 + 28 + 20 + -1.
-31
What is the value of 115 + (-272 + 143 - 1)?
-15
Calculate 7 + 49 + -52 + (-3 + -4 + 0 - -12).
9
Calculate (-9 - (3 - 2 - 4)) + -3 - (-373 + 379).
-15
What is the value of 17 + 6 + -27 - (-35 + 12)?
19
-1 - (-1 - (-12 + 7 + -5)) - -37
27
What is the value of (-80 - 28) + (86 - -13)?
-9
What is -7 + (86 - 38 - (-6 + -3) - (-2 + 1))?
51
What is the value of (-100 - -103) + -37 + 1?
-33
-14 + 35 - (-1 + 4 + 83)
-65
Evaluate 0 + -128 + (1041 - 975).
-62
What is the value of 2 + -1 + 1 - (21 - 5) - (-50 + -37)?
73
Calculate 16 - (-17 + (36 - (5 + -21 + 22))).
3
Calculate -6 - 9 - -5 - (-9 + 3 + 65).
-69
What is -39 + 126 + -46 - 59?
-18
What is the value of -8 + -15 - (9 + 25)?
-57
What is the value of 0 + 16 + -9 + -14 + (-15 - -22)?
0
Calculate -72 - ((-71 - -45) + 31 - (17 - (1 - 1))).
-60
Calculate -54 + (160 - 152 - (-1 + 9)).
-54
What is the value of -50 + 145 - 90 - -68?
73
What is -73 + (127 - 92 - 21)?
-59
Calculate 84 - 5 - (-159 - -219).
19
What is 31 + (31 - -25) - (123 + -106)?
70
What is the value of ((-1 - 8) + 15 - (-6 - (7 - 15))) + -9?
-5
What is (-3 - 9) + 3 - ((-9 - 8) + (3 - -1))?
4
Evaluate (28 - (-7 + 4)) + -45 + -47.
-61
What is -21 - (6 + 90 + -35)?
-82
Evaluate 36 + -5 + (-63 - -69) - 22.
15
-1 + (3 - -8 - 13) - (55 - (5 + -5))
-58
What is (-6 - -16) + -5 + (-46 - (-15 - -13))?
-39
What is the value of (-19 - -5) + 543 + -514?
15
Calculate (-23 - -1) + (146 - 134) - 6.
-16
What is -35 + -6 + 34 + (2 - -1) + -20?
-24
Calculate -62 + 49 + (3 - -5 - -69) - -9.
73
Calculate -97 - (-111 + 29 + 66).
-81
Evaluate 10 + 21 + (7 - 41 - -8) - 33.
-28
What is the value of (1 - 214 - -174) + (1 - -13)?
-25
What is (4 - 6) + -3 + (9 - -3) + -11 - -12?
8
Evaluate (0 - -15 - -6) + 4 - 24.
1
Calculate -49 - -22 - 4 - (12 - 3).
-40
(1 - (83 + (-4 - -2))) + -2599 + 2584
-95
What is (8 - 36 - -21) + -7 - (1 + 1) - -5?
-11
-13 + -12 + 53 + (-78 - -93)
43
Calculate 13 - ((-2 - -6) + 28 + -17 + 21 + 5).
-28
Evaluate 48 + -67 + 3 - ((-3 + 1 - -2) + 1).
-17
Evaluate 27 + -39 + (6 - (-17 - -11 - (-1 + -11))).
-12
Evaluate 8 + 36 + 2 - (167 + -173).
52
Calculate (-112 - -98 - (-12 - -1)) + -4 - -10.
3
Calculate 4 - 36 - (270 - 384).
82
What is the value of 124 + -93 + (-36 - -63)?
58
What is the value of -54 + (121 - (-45 - -54))?
58
What is 1 + -74 - (9527 - 9619)?
19
-87 - (-3 + (5 - (1 + 11 + 0 + -2)))
-79
Evaluate 16 + -40 - (3 + 8 - 5).
-30
What is the value of 9 + -2 + (-22 - (16 + -17))?
-14
Calculate 136 - 137 - (-1 + (8 - -22) + -2).
-28
What is the value of 1 + 24 - (17 + -32 + -4 - -27)?
17
What is -4 + -116 + -5673 + 5714?
-79
What is the value of -12 - -10 - ((-1 - (2 - 35)) + (-741 - -740))?
-33
Evaluate -41 + 52 + (28 - 12).
27
What is the value of -32 - (-1 - 26 - ((2 - -39) + -60))?
-24
24 - (-96 - -196 - -1)
-77
What is the value of 91 + -32 - (75 + -77 + -2 + 9 + -2)?
56
Evaluate -50 + (184 - 194 - (-11 + -3 + 4)).
-50
What is 60 + (7 - (-8 - (-9 - 2)) - (5 - 8))?
67
Calculate 1 + 52 + (-50 + 121 + -24 - 36).